of -5/6*q**3 + q**2 + q + 0. Is c(-9) a composite number?
False
Let j(q) be the third derivative of 0*q + 0 + 0*q**3 + 1/2*q**4 + 2*q**2 - 1/60*q**5. Is j(5) composite?
True
Is (-21)/(-2)*44/6 composite?
True
Suppose 0*r + 3*r = 12. Is 9/(-18) - (-62)/r composite?
True
Let k(q) be the first derivative of 6*q**3 + q**2 - q + 2. Is k(-2) composite?
False
Suppose -2829 - 1267 = -m + 5*c, c = -5*m + 20558. Is m composite?
False
Suppose 0 = -3*q + 859 + 134. Is q composite?
False
Let p = 12 + -4. Let o = p - 5. Suppose -3*b = -4*w - b + 200, o*b - 43 = -w. Is w a prime number?
False
Suppose t = -4*n + 136, -5*n + n - 16 = 0. Let w = t + 7. Is w composite?
True
Suppose 11940 + 42414 = 6*j. Is j a composite number?
False
Let v be -4 + 2 - (1 + 9). Let r = -18 + 12. Is (-56)/r*v/(-8) composite?
True
Let m = -3 + 13. Let p be (-4)/(16/m)*10. Let n = p - -46. Is n a composite number?
True
Let g be (9/15)/(1/5). Suppose q - 127 = 2*k, g*q - 3*k + 127 = 4*q. Is q a composite number?
False
Let o(d) = -2 + 4*d**2 + 3*d + 0*d - 2*d + 0*d**2. Let f be o(3). Suppose 0 = -2*r + 171 - f. Is r a prime number?
True
Is 2394/5 - (-7)/35 a composite number?
False
Suppose -14 = -4*a - 518. Let f = a + 179. Is f composite?
False
Let c(u) = -u**2 + 4*u + 1. Let p be c(4). Is (-123)/(-9) - p/(-3) prime?
False
Let k = -29 + 5. Let n = 14 - k. Is n prime?
False
Is (-3)/(1914/(-948) + 2) a prime number?
False
Let h be (-11)/(-44) + (-1)/4. Suppose h = -6*f + 488 + 460. Is f composite?
True
Let m(r) = -6*r + 3. Let q(s) = -s**2 - 23*s + 13. Let t(l) = 9*m(l) - 2*q(l). Suppose -y + 6*y + 3*k = 18, 0 = -2*y - 3*k. Is t(y) composite?
True
Let g = -10 - -131. Is g a composite number?
True
Let a be (-2)/8 - 425/(-20). Suppose 0*c + 3*c - 3*k = 0, -2*c + a = 5*k. Suppose 3*b = 4*m - 116 - 99, c*m - 5*b - 164 = 0. Is m prime?
True
Suppose 2*k - 2*h = 6 - 0, -k + 2*h + 4 = 0. Suppose -29 = -k*v + 89. Is v a prime number?
True
Let b(g) be the second derivative of g**5/20 - 7*g**4/12 - g**3/3 + 9*g**2/2 + 2*g. Let l be b(7). Is (-1 - 1)/(1/l) composite?
True
Let j(o) = o**2 - o + 118. Is j(0) composite?
True
Let q = 421 - 26. Suppose -5*v + 2*x = -q, 5*v + x - 395 = -4*x. Is v a composite number?
False
Let h be (-6)/9 - 4064/(-12). Let j = h + -211. Is j composite?
False
Let j = -113 - -62. Let c = 89 - j. Let x = 237 - c. Is x a prime number?
True
Suppose 5*k = 2*g + 3*g - 45, 4*g = -5*k. Let d(u) = 10 - 3*u + 1 - g + 7. Is d(-10) a prime number?
True
Let f(g) = g + 8. Let k be f(-8). Suppose k*n + 4*n = 5*z - 490, 0 = 5*z + 5*n - 445. Is z a prime number?
False
Suppose 5*o + g - 246 = 0, -250 = -5*o + 4*g - 9*g. Let n = 223 - o. Suppose h - n = -h. Is h a composite number?
True
Suppose -z + 21 = 4*x, -2*z - 2*x = x - 22. Suppose z + 8 = s. Is s a prime number?
True
Let k(u) = 15*u**2 + 2*u + 1. Let g be k(-1). Let p be 8/28 + 3272/g. Let h = -147 + p. Is h a prime number?
False
Suppose 5*z - 3953 = -798. Is z composite?
False
Suppose -3*m + 6951 = 2289. Suppose -4*g + m = 2*y - 1840, 4*g = 4*y - 6764. Is y composite?
False
Suppose -2*d - 10 - 118 = 0. Let o = -31 - d. Is o composite?
True
Let m = 1230 + 1288. Is m a composite number?
True
Let f be 2/(-2) - (-3 - 1). Suppose d - 11 = -f. Let l(x) = -x**2 + 9*x - 1. Is l(d) a composite number?
False
Suppose 5*t - 7 = 23. Suppose -10*w = -t*w + 32. Is (-594)/w + (-1)/4 composite?
True
Let p(j) = -16*j + 10. Is p(-3) prime?
False
Let v(q) = 7*q**2 + 2. Let d(x) = 22*x**2 + 5. Let u(l) = 3*d(l) - 8*v(l). Is u(1) composite?
True
Let f(h) = 1. Let k(o) = o**3 + o**2 + o + 30. Let x(c) = 5*f(c) + k(c). Suppose -4*q = -0*q. Is x(q) composite?
True
Let f(n) = n**3 + 3*n**2 - 2*n - 4. Let g be f(-3). Let t be ((-1)/(-1))/(g/(-4)). Is (t/(-2))/((-2)/(-94)) a prime number?
True
Let v = -1 - -1. Suppose 5*w - 132 - 53 = v. Is 8/(-20) - w/(-5) composite?
False
Let f = -8 + 11. Suppose -2*g + 3*r + 32 = 10, 2*r = -g - 3. Suppose 0 = -f*w + g*w - 38. Is w prime?
True
Let n(c) = -c - 3. Let s be n(-7). Is 4/(s/(-115))*-1 a prime number?
False
Suppose 2*g = -2*o - 46, o - 136 = 5*g - o. Suppose -k = z - 47, 0*z - 5*k - 125 = -3*z. Let x = z + g. Is x a prime number?
True
Let r(q) = -2*q + 191. Is r(0) prime?
True
Let f = 0 + 3. Suppose -f*j = -5*q + 305, 68 = 2*q - q - 2*j. Is q prime?
False
Let f(x) = 6*x**2 + 2*x - 3. Is f(5) a prime number?
True
Let t(m) = 2*m - 4. Let z be t(4). Suppose -z*f - 21 = -401. Is f composite?
True
Suppose 15866 - 850 = 4*c. Is c composite?
True
Let x be 3 + -6 + (2 - -6). Suppose -274 = x*t - 1449. Is t a prime number?
False
Let v be (-6)/(-2) + (-98)/(-1). Suppose s = v + 238. Is s composite?
True
Let z(p) = p - 6. Let l be z(5). Let g be -3 + (5 - l) + 0. Let o(t) = t**3 - t**2 - 3*t + 4. Is o(g) composite?
False
Let z(p) = 4*p**2 - 12*p - 14. Let n be z(10). Let f = n + -183. Is f prime?
True
Suppose -k + i = -2*i - 1085, 2*k - 2206 = -3*i. Is k composite?
False
Let y(v) = v**2 - 2*v - 10. Let z(p) = p**3 + 7*p**2 - 9*p - 9. Let n be z(-8). Let r be 7/(n - 2/(-1)). Is y(r) a composite number?
True
Let u be (-414)/12*10/(-3). Suppose l + u = 6*l. Is l prime?
True
Let l = 4 - -5. Suppose 3 = 2*k - l. Is k composite?
True
Let n = 8 + -3. Suppose 0*a = -n*a. Suppose 4*o + 14 - 106 = a. Is o a composite number?
False
Suppose 1265 = 3*o + 2*o. Is o composite?
True
Suppose 0*a - 5*m + 80 = -2*a, -3*a - 101 = 2*m. Is (-10)/a + 150/14 composite?
False
Let q be (-2)/(-4) + (-620)/(-40). Let g = 9 - 0. Let o = q - g. Is o prime?
True
Let j(q) = 0*q**2 - 1 + 3*q**2 - q**2. Is j(-2) a prime number?
True
Suppose 0 = m - 0 - 2. Suppose j - m*j = -31. Is j prime?
True
Suppose -4*m + 1 + 3 = 0. Let x = m + 7. Suppose -34 = -5*v + h, 2*v - 5*h = x + 1. Is v a composite number?
False
Suppose d = -2*i - 1 - 4, 4*i - 8 = 0. Let q be (-1614)/(-27) + (-2)/d. Suppose 0 = z - 17 - q. Is z prime?
False
Suppose -15 = 3*n, 0*n - 5*n = c - 312. Is c a prime number?
True
Suppose 3 = z - 1. Let q be (4/6)/(z/36). Suppose -q*c + 447 = -3*c. Is c a prime number?
True
Is ((-5)/(45/4782))/((-10)/15) composite?
False
Suppose 0 = -0*j + 5*j - 2*l - 389, j + 5*l = 94. Is j a composite number?
False
Let d(n) = -n - 1. Let p(g) = 61*g - 5. Let a(s) = 6*d(s) - p(s). Is a(-2) a prime number?
False
Let o(q) = -q + 1. Let p be o(0). Suppose p = -w + 128. Is w composite?
False
Let p be 2/(-3)*27/(-6). Suppose c + p*c = 212. Is c composite?
False
Let x(y) = -y - 4. Let c be x(-7). Suppose 0 = -2*r + c*b + 22, 22 = -0*r + 2*r + 4*b. Is r composite?
False
Let x(b) = b**2 + b - 3. Let m be x(-3). Let g = 86 + m. Is g a prime number?
True
Let h(r) = 51*r**2 - 2*r. Let y be h(-3). Suppose 2*l = 5*d + y, -5*d - 7 = -2. Suppose -l = -4*a - a. Is a composite?
True
Suppose 0 = -5*z - 3*h + 3157, -5*z - h - 391 = -3540. Is z composite?
True
Suppose 5*o + 15 = 0, o - 17 = -4*m - 0*o. Let i = m + -2. Suppose -3 - 3 = i*a, -3*l + 5*a = -247. Is l composite?
False
Let r(z) = z**3 + z + 3. Let k be r(0). Suppose k = c + 2*j + 1, 0 = 4*c - 2*j - 8. Is (23 + -2 + c)*1 prime?
True
Let f = 5 + -3. Suppose -22 - f = -2*v. Suppose -h - v = -61. Is h a composite number?
True
Let m(z) = z**3 - 8*z**2 + 8*z - 5. Let h be m(7). Suppose h*n + d + 1 = 0, -4*d - 12 = 2*n + 2*n. Suppose n*o - 114 = -o. Is o a prime number?
False
Suppose a + 5 = -4. Suppose -u - 4*u = -5*n - 915, -732 = -4*u + 3*n. Is u/27 + (-2)/a a prime number?
True
Suppose 2*v = 2*q + 14, -4*q = -2*v - 7 + 39. Is 2/(-9) - 587/q a composite number?
True
Let g be (-130)/35 - (-2)/(-7). Let z(q) = -2*q + 1. Is z(g) prime?
False
Let q(d) = 13*d**2 + 1. Let f(i) = i**3 - 10*i**2 + 10*i - 4. Let p be f(9). Suppose 0 = 5*y + 20, p*u - 3*y - 31 + 9 = 0. Is q(u) prime?
True
Is 498/(-2)*(26/(-6) - -2) composite?
True
Suppose 247 = 4*p + 3. Let d = 108 - p. Is d a prime number?
True
Suppose 0*g + 5*g - 425 = 0. Is g a prime number?
False
Let h(t) = -3*t**3 + 3*t**2 + 7*t + 2. Let s be h(-7). Suppose 0 = 5*c - s + 324. Is c prime?
False
Suppose -3*x + 4*x = 1. Let p(k) = 260*k**2 - 2*k + 1. Is p(x) a composite number?
True
Let w(f) = -13*f - 4. Is w(-7) a composite number?
True
Let q(n) = -4 + 0 + 0*n + 2*n. Let w be q(6). Let t = -5 + w. Is t composite?
False
Suppose 2*t + 2*t = -224. Let y = t - -131. Suppose -2*f + y = m, 2*